 = -2*f. Suppose 0 = f*k, -69 = -4*b - 5*k - 21. Let o = -1 + b. Is o a multiple of 11?
True
Suppose -11 - 11 = -v. Is v a multiple of 11?
True
Suppose -8 = 2*j, -5*i + 2*j - 28 = -j. Let p = i + 27. Is 5 a factor of p?
False
Suppose -4*q = m - 4*m + 314, 2*q + 170 = -5*m. Let t = -35 - q. Suppose 3*g - t = 27. Does 12 divide g?
True
Suppose 4 = -m, o + 5*m - 7 = -30. Let t = -10 - -18. Let b = t - o. Is 11 a factor of b?
True
Let u(j) = -j**3 - 5*j**2 + 8*j - 10. Let p = -12 - -1. Let k(g) = 5*g**3 + 24*g**2 - 40*g + 51. Let h(n) = p*u(n) - 2*k(n). Is 4 a factor of h(-8)?
True
Let r = 9 - 4. Suppose 4*a - 45 = r*p - 250, -4*a = 0. Suppose 0*q - p = -j - 3*q, -3*j + q = -143. Is j a multiple of 12?
False
Let w be (-2)/(-1) + (-4 - -4). Suppose w*p + 2*p + 24 = 0. Let v(c) = -c**3 - 6*c**2 - c + 4. Is v(p) a multiple of 10?
True
Suppose 5*q - 5*u - 310 = 0, 5*q - u = u + 325. Is q a multiple of 40?
False
Suppose -n + 0 + 2 = 0. Suppose -5 = -n*m + 3. Suppose 2 = p - m*t, -t = p - 7 - 0. Is p a multiple of 3?
True
Let j = 5 - -10. Let i be ((-3)/(-4))/(j/40). Suppose b = i*l - 17, -5*b + 0*b = -4*l + 25. Is l a multiple of 5?
True
Let k = 20 - 17. Does 2 divide k?
False
Is (0 - -1)/((-2)/(-68)) a multiple of 17?
True
Let f = 236 + -132. Is f a multiple of 18?
False
Let s(p) = 3*p - 4. Let u be s(5). Let c = 20 - u. Does 6 divide c?
False
Let q(v) = 17*v - 3. Let y be q(2). Suppose -3*g + y = h, 2*h - 2*g - 57 = -3*g. Does 14 divide h?
True
Is 9 a factor of (-880)/(-26) - (-6)/39?
False
Let t(j) = -j + 2. Let s be t(-2). Suppose -116 = -8*l + s*l. Does 29 divide l?
True
Suppose -28 = -5*g + 2. Suppose -g = 2*s - 16, 34 = z - 4*s. Is 18 a factor of z?
True
Does 4 divide 9 + (-75)/(-10)*(-2)/(-5)?
True
Let t(l) = l - 3. Suppose -18 = -3*o - 6. Let r be t(o). Is ((-14)/4)/(r/(-2)) a multiple of 2?
False
Let g(v) = -4*v - 2. Let p be g(2). Let h(y) = 2*y**2 + 11*y - 12. Is h(p) a multiple of 20?
False
Let c = 38 + 73. Does 33 divide c?
False
Suppose 3*c - 519 = -30. Suppose c = 2*m + 47. Is 29 a factor of m?
True
Let a = 51 + -23. Suppose -a = 3*b - 4*b. Is b a multiple of 13?
False
Let q(s) = s**2 - 8*s - 3. Let p be q(7). Let b = p + 67. Is 12 a factor of b?
False
Let u(z) be the second derivative of z**4/6 + 7*z**3/6 - z**2/2 - 3*z. Is 14 a factor of u(-5)?
True
Let b = -12 + 17. Suppose 6*u + 25 = b*c + 2*u, 0 = u. Suppose -2*y + 27 - 3 = 5*p, 60 = c*y - 3*p. Is y a multiple of 6?
True
Let m(l) = 6*l - 4. Let r be m(4). Let t = r + -14. Does 3 divide t?
True
Let c = 45 - -15. Is 10 a factor of c?
True
Let b = 61 + -5. Suppose 3*z - b = -z. Is z a multiple of 13?
False
Suppose -7*c + 50 = -2*c. Does 10 divide c?
True
Let w(x) = -3*x**3 + x**2 + 2*x + 1. Let u be w(-2). Suppose -3*s + 67 - u = 0. Is 7 a factor of s?
True
Let l be 1*3/((-3)/(-305)). Suppose 5*p - 85 = l. Is 26 a factor of p?
True
Let m = 84 + -39. Is 5 a factor of m?
True
Let i(k) = -1 - 5 - 1 + k**2 + 2. Is i(-5) a multiple of 7?
False
Suppose -21 = -3*f + 3*m, -f + 5*m + 17 = -2*f. Suppose 3*t = 5*z - 5, f*t + 2 = z + z. Let o = 7 + t. Is 7 a factor of o?
True
Suppose 2*n = 5*z + 12 - 42, 14 = 3*z - 2*n. Suppose -3*o - 11 = -4*v, 5 = z*o - 3*o - 2*v. Suppose 2*h + 34 + 36 = 4*a, -2*a = -o*h - 33. Is 16 a factor of a?
False
Let c = 5 + -10. Is 7 a factor of 33/5 + (-2)/c?
True
Let p be (6/(-9))/(3/(-9)). Suppose p*r - r = 0. Is 17 a factor of 28 - (1 + r + -1)?
False
Let j = -17 + 30. Does 12 divide 3*2/3*j?
False
Let m = 38 + -53. Let p be m*(4/(-3) + 1). Let f = p + 25. Is f a multiple of 16?
False
Suppose 4*a + 4*k - 24 = 0, -2*k = -2*a - a + 13. Is a a multiple of 3?
False
Suppose -2*a + 3 = -3*a. Let m = a - -75. Does 17 divide m?
False
Suppose 2*r = -r + 18. Suppose 2*j - n - 1 = -9, r = -2*j + 2*n. Let w = 9 + j. Is w even?
True
Is 78/1*(1 - (-5)/(-10)) a multiple of 28?
False
Suppose -4*q + 5*q = 4. Suppose 3*v - v = q. Suppose 4*w - 85 = -5*a, -5*a + v*a - 17 = -w. Is w a multiple of 10?
True
Suppose -120 = t - 5*t. Suppose -b - 4*b = -t. Does 3 divide b?
True
Let n = -53 - -26. Let b = 6 - n. Is 12 a factor of b?
False
Is 14 a factor of 2/(-6)*-3 - -55?
True
Let a = -6 - -8. Suppose -4*v = y - 43, -a*y + 92 = -v - 3. Suppose 2*c = 4*s + 65 + y, -3*c + 2*s + 152 = 0. Is c a multiple of 16?
True
Let y(j) be the third derivative of j**2 + 0 - 1/2*j**3 + 1/30*j**5 + 5/24*j**4 + 0*j. Does 16 divide y(-5)?
False
Suppose -4*c + 23 - 75 = 0. Let w = c - -31. Suppose p - 16 - w = 0. Does 17 divide p?
True
Does 10 divide 63/5 + 12/(-20)?
False
Let s = 34 - -1. Does 10 divide s?
False
Suppose 10 = -3*c + 2*j, 0 = 2*c - 5*j + 2*j + 15. Suppose -28 = -4*p - c*p. Is p a multiple of 2?
False
Suppose l + 116 = 5*l. Is 18 a factor of l?
False
Let d(q) = -16*q**2 + 1. Let b(z) = -z**3 - z**2 + 2*z - 1. Let w be b(1). Let k be d(w). Is ((-36)/(-15))/((-3)/k) a multiple of 12?
True
Suppose 155 + 140 = -5*a. Let u = a - -86. Does 10 divide u?
False
Let x be 3*(1 - (-15)/9). Let r = -3 + x. Suppose -2*z - y + 31 = -33, r*z = -4*y + 154. Is z a multiple of 17?
True
Suppose -20 = 4*c - 0*c. Does 5 divide 42/(-8)*(-9 - c)?
False
Suppose 3*w + 5*n = 14, 5*w - 43 = 3*n + 37. Is w a multiple of 13?
True
Suppose -5*h + 2*q = -q - 76, -2*h + 3*q = -25. Suppose -2*l + 11 = -3*l. Let v = l + h. Is v a multiple of 4?
False
Suppose -a - 2*r = 2*a - 47, 64 = 4*a + 4*r. Let o(d) = d - 9. Does 2 divide o(a)?
True
Let y(o) = o**2 + 2*o + 2. Is 15 a factor of y(-7)?
False
Let n be (-4)/14 - (-32)/14. Let k(u) = -u**3 + 8*u**2 - 4*u - 5. Let c be k(7). Suppose 0*a - 4*t + c = a, 2 = n*a - 2*t. Is 4 a factor of a?
True
Suppose 0 = o - q - 61, 4*o = 2*q + 260 - 14. Is o a multiple of 4?
False
Suppose 0 = -2*z + 6. Is 3 a factor of z?
True
Suppose 4*a - 1584 + 284 = 0. Is 56 a factor of a?
False
Let x = 1 - -4. Suppose c - x = -1. Suppose -6 - 10 = -c*w. Is w a multiple of 3?
False
Let n = 330 + -232. Suppose 52 = -j - 7. Let d = j + n. Is d a multiple of 24?
False
Let j be 1 + 3 + (-2 - -6). Suppose 2*b = 4*r + j, 6*r = -5*b + r + 35. Suppose 0 = -2*t + b*t - 60. Is 15 a factor of t?
True
Let u(b) = -20*b**3 + 3*b**2 + 7*b + 5. Is u(-2) a multiple of 13?
False
Suppose 305 = 6*t - 73. Is 21 a factor of t?
True
Let v = -10 + 0. Is 3 a factor of 88/10 + (-2)/v?
True
Let p(i) = 7 - 7*i + i**2 + 1 + 2 + 5. Is 23 a factor of p(11)?
False
Suppose -4*m = -y + 5*y - 248, 286 = 5*m - y. Is m a multiple of 16?
False
Suppose 4*d + 55 = 5*q, d + q = -0 - 16. Let a = 28 + d. Is a a multiple of 7?
False
Let l(z) = 3*z**3 - 5*z**2 + 2*z. Let i be l(3). Suppose 2*w - 5*w = -i. Is 7 a factor of w?
True
Let p = -18 - -41. Is 15 a factor of p?
False
Let z(y) = 11*y + 12. Let b(l) = 6*l + 6. Let i(s) = 5*b(s) - 3*z(s). Let o be (-1)/(-4) - (-51)/(-12). Is i(o) a multiple of 3?
True
Let j(v) = -v**3 + 14*v**2 + 17*v - 16. Let k be (-10)/(-30) - 88/(-6). Does 7 divide j(k)?
True
Let u be 2/13 - (-472)/(-26). Let a be (0 - 1)/(3/u). Is 10 a factor of 5/(15/a) - -18?
True
Does 4 divide (-130)/(-8) - (-7)/(-28)?
True
Does 33 divide (57/9)/((-9)/(-162))?
False
Is 16 a factor of (22/(-11))/((-1)/16)?
True
Suppose 6*r - 2*r = -5*w + 370, -10 = 5*w. Is 26 a factor of r?
False
Suppose -4*i = -42 - 18. Suppose -4*w + 3 = -4*n + 3*n, 0 = w - 5*n - i. Suppose 5*s = 2*l - 7, -5*l + s + 52 = -w*l. Does 5 divide l?
False
Let h be 1*-3*38/(-6). Suppose b - h - 111 = 0. Suppose -b = 4*a - 370. Is a a multiple of 20?
True
Let c(w) = 48*w + 8. Let b be c(7). Suppose -4*g = i + 65, 4*g + b = -5*i + 3*g. Let l = i - -107. Is l a multiple of 19?
True
Let a(h) = h + 5. Let m be a(-3). Suppose -13 = -s - 2*x, -m*s - x = -5*x - 50. Is s a multiple of 4?
False
Does 6 divide 6/6*(-404)/(-2)?
False
Suppose -q = -3*w - 96, 2*q - w - 177 = 2*w. Is 9 a factor of q?
True
Let p(v) = 16*v**2 - 2*v - 5. Is p(-2) a multiple of 9?
True
Let y = -9 - -7. Does 11 divide (-1)/(y/(-6))*-11?
True
Let c(t) = t**2 + 14*t + 16. Let g be c(-12). Does 18 divide (-16)/6*162/g?
True
Suppose 4*r - 174 = -4*x - 14, -120 = -3*r + x. Is 20 a factor of r?
True
Does 10 divide (27/(-63) + 304/(-42))*-12?
False
Let h be -1 + -1 + 0 + 6. Suppose h*i - 2*i - 4 = 0, 0 = 3*z + 3*i - 21. Is 5 a factor of z?
True
Suppose 8*c - 1718 = -598. Is c a multiple of 29?
False
Suppose 4 = 3*o - 5. Sup